h(d) be the second derivative of d**3/3 - d**2/2 - 51*d + 2. Let j(y) = y. Let c be j(2). Let o = c - -2. Calculate h(o).
7
Let c(g) be the third derivative of g**4/12 - 9*g**2. Let j be c(6). Let t(z) = -2*z**3 + 0*z**2 + 10 - 3*z + 8*z**2 + j*z + 3*z**3. Give t(-7).
-4
Let k be (3*(-6)/(-6))/9. Let r(n) be the first derivative of 3 + k*n**3 + n**2 + 0*n. Give r(-3).
3
Let y = 44 + -36. Suppose 5*p - 3*q = -2, -2*q + y = -0. Let v(u) = -u**2 + 3 + 2*u + 2*u**p - 3 + 3. Calculate v(-2).
3
Suppose 4*z - 5*a = 26, -2*a + 8 = -6*a. Let r(u) = -z - 2*u - 8*u + 5*u. Calculate r(-3).
11
Let a(j) = -j**3 - 2*j**2 + 3*j + 4. Let z(n) = n + 36. Let d be z(-15). Let y = -53 + d. Let i = -35 - y. Determine a(i).
4
Let c(w) be the first derivative of w**4/4 + 7*w**3/3 + 3*w**2 - 5*w - 117. Determine c(-5).
15
Let k be (-18)/(-117) - (-206)/13. Let m(w) = -3*w**2 + k*w**2 - 12*w**2 - 2*w**2 - 3. What is m(0)?
-3
Let b(h) be the third derivative of -h**7/5040 - h**5/60 + 5*h**2. Let p(j) be the third derivative of b(j). What is p(3)?
-3
Let r(w) = -w**2 + w + 3. Let d be (-1 + 1/2)*0. Let i be (-375)/50*4/(-10). Let u = d + i. Determine r(u).
-3
Let d(w) = 5 - 6 + 6*w - 8 + 6. Give d(-5).
-33
Let y(j) = -j**3 - 4*j**2 + 5*j + 3. Let i be y(-5). Let w(b) = 1 + i*b**2 + b**2 - 2*b**2 - 2*b. Suppose 0 = 21*c - 203 + 161. Give w(c).
5
Let i(u) = u**3 - 3*u**2 - 3*u + 3. Suppose -3*o + 0*o + 4*t + 45 = 0, -5*o - t + 75 = 0. Let j(p) = p**2 - 17*p + 32. Let n be j(o). Calculate i(n).
-7
Let v = 30 - 19. Suppose v = 5*s - 2*o, -s + 0*s - o = -5. Suppose -2*a = s*i - 7*i - 2, 0 = -4*a - 2*i + 14. Let n(p) = -p**2 + 2*p - 3. What is n(a)?
-6
Let p be (-16)/64*4*1. Let f(t) = -9*t + 1. Determine f(p).
10
Let g(u) = -25*u - 104. Let f be g(-4). Let p(t) = t**2 - 9*t - 6. Let q(l) = -3*l**2 + 19*l + 12. Let o(y) = -5*p(y) - 2*q(y). Calculate o(f).
-6
Let y(q) = q**2 - 8*q + 5. Let f(j) = 7*j - 2. Let b be (1 + 0)*(0 - -1). Let g be f(b). Determine y(g).
-10
Let z(g) = -3*g - 63. Let p be z(-22). Let y(b) be the third derivative of 0*b - 1/8*b**4 + 1/120*b**6 - 6*b**2 - 1/30*b**5 + 1/3*b**3 + 0. Give y(p).
2
Let t(h) be the second derivative of h**3/3 - 5*h**2 - 3*h. Suppose 4*v + 5*y = 55, -29*v + 42 = -26*v + 4*y. What is t(v)?
10
Let k(a) = -a**2 - 14*a + 16. Suppose 32 = -t - t. Let n be k(t). Let q = 16 + n. Let b(c) = c**2 + c - 10. Determine b(q).
-10
Let b be (-9)/2*(-2)/3. Suppose 0*h - b*h - 5 = 2*l, 2*l - 16 = 4*h. Let z(f) be the third derivative of f**4/12 + f**3/3 + 23*f**2. What is z(l)?
6
Let c(b) = 3. Let z(u) = -u + 21. Let v(q) = 4*c(q) - z(q). Calculate v(13).
4
Let y = 3 - -4. Let o(l) = 0*l - y*l + 8*l - 1. Determine o(3).
2
Let b(q) = 11*q**3 + 12*q**2 - 21*q + 25. Let o(f) = -5*f**3 - 6*f**2 + 10*f - 12. Let k(s) = -4*b(s) - 9*o(s). Give k(-7).
1
Suppose -5*b + 5*d = 0, -d - 2*d = -9. Let i(z) = 2*z**2 - 5*z - 7. Calculate i(b).
-4
Suppose 36 = 21*k - 18*k. Suppose 11*j = 14*j + k. Let t(f) = -f**3 - 6*f**2 - 5*f + 4. What is t(j)?
-8
Let n(k) be the first derivative of -k**4/12 + k**3 - 2*k**2 + 27*k + 31. Let j(s) be the first derivative of n(s). Give j(4).
4
Let q = -1205 - -1199. Let n(u) = -6*u - 7. Give n(q).
29
Let s(z) = -73*z + 79. Let g be s(1). Let u(o) = o**2 - 12*o + 9. Calculate u(g).
-27
Let t(g) be the third derivative of 16*g**2 + 0*g - 1/24*g**4 - 1/60*g**6 + 1/60*g**5 + 1/6*g**3 + 0. What is t(1)?
-1
Let t(d) be the first derivative of -d**3/3 - 3*d**2/2 - d + 42. Determine t(-5).
-11
Let i(z) be the second derivative of -z**3/6 - 4*z**2 + z + 54. Calculate i(0).
-8
Let t(b) be the third derivative of b**7/2520 + b**6/120 + b**5/30 - b**4/2 - b**2. Let v(c) be the second derivative of t(c). Determine v(-4).
-4
Let x(p) = 3 + 2*p - 2*p - p. Let y = -5419 - -5425. Calculate x(y).
-3
Let k = 137 + -139. Let b(i) = -5*i - 4. Let c(z) = -4*z - 4. Let f(w) = 2*b(w) - 3*c(w). Let p(x) = x + 4. Let m(d) = k*f(d) + 3*p(d). What is m(5)?
-1
Suppose 3*v + 21 = 4*a, 0*v - v = 3. Let n(l) = 21 + l**3 + 26 - 7*l**2 - 2*l**a - 55 + 8*l. Determine n(-8).
-8
Let z = 6 - 12. Let d(k) = -4*k - 6. Let p(m) = -9*m - 11. Let t(x) = 5*d(x) - 2*p(x). What is t(z)?
4
Let y(g) = g**2 + 5*g + 1. Suppose f + 133 = -0*f. Let u = -139 - f. Calculate y(u).
7
Let z(c) = -c - 7. Suppose 16*d - 19*d + 3*q + 27 = 0, 4*d - 31 = 3*q. Give z(d).
-11
Let z(u) be the second derivative of -5*u**4/12 + u**3/6 + u**2/2 - 2*u. Let k be ((-21)/(-63))/((-2)/(-12)). Give z(k).
-17
Suppose -7 = -3*q + 18*v - 23*v, -5*q = -4*v + 13. Let h(d) = 5*d - 8*d + 0*d - 7*d - 1. What is h(q)?
9
Let s(o) be the third derivative of -o**4/12 - 17*o**3/6 - 4*o**2. Suppose 0 = -2*t + 5 - 19. Let k be s(t). Let a(p) = p**2 - 4*p - 4. Give a(k).
17
Suppose 5*t - 4*j = -3*j + 29, -3*t - j = -11. Suppose 0 = -2*w + t*i + 40, -i = -2*i - 4. Let g(h) = -w - 2*h + 3 + 6. What is g(3)?
-7
Let b(u) be the second derivative of u**5/20 + 7*u**4/6 + 13*u**3/6 + 5*u**2 + 5*u - 29. Determine b(-13).
10
Let j = -36163 - -36171. Let h(g) be the third derivative of -g**4/6 + 4*g**3/3 - g**2. Determine h(j).
-24
Let y be -34 - -41 - (-4)/(-2). Let d(h) = h**3 - 5*h**2 + 5*h - 2. Determine d(y).
23
Let r(z) = z**2 + 3*z - 2 + 2*z + 7. Suppose -3*p - 2*p - 200 = 0. Let j = -45 - p. Give r(j).
5
Let z be (0 - 0/(-1)) + -4. Let i(s) be the third derivative of -s**4/24 - s**3/2 - 989*s**2. Determine i(z).
1
Let l = -162 - -158. Let m(q) = -5*q**2 + 4*q + 4. Let s(p) = -7*p**2 + 5*p + 5. Let b(w) = l*m(w) + 3*s(w). Calculate b(-4).
-13
Suppose 4*v = -2*y - 12, -4*y - 2*v + 7*v = -2. Let c be 0 - (6/y - 2). Suppose u + 4*u - c = 0. Let k(j) = j**3 - 2*j**2 + j. Determine k(u).
0
Suppose -22 = -2*d + 2*z, 0*d + 5*z = 3*d - 37. Let j be 14/(-63) + 1*56/d. Let g(v) = v - 14. What is g(j)?
-8
Let t(v) be the third derivative of -v**7/840 - v**6/72 + v**5/24 - 7*v**4/24 + 23*v**3/6 + 26*v**2. Let f(l) be the first derivative of t(l). Determine f(-6).
-1
Suppose -3*r - 2*a = a - 90, 4*a - 94 = -3*r. Suppose r = 5*i + 6. Let b(q) = 3 + 14*q + 19*q - q**3 - 48*q + 17*q + 3*q**2. What is b(i)?
-5
Let i(h) = -9 + 8*h - h - 6*h. Suppose 2*o - 8*o + 2*o = 0. Calculate i(o).
-9
Let u(y) = 8*y**3 + y**2 + y - 1. Let p = 38 - 47. Let d(r) = r**2 + 11*r + 19. Let h be d(p). Calculate u(h).
9
Let d be (1 - (-15)/(-4))*(-16 - -20). Let g(x) = -x**3 - 11*x**2 - x - 16. Give g(d).
-5
Let h(v) be the second derivative of 12*v + 5/6*v**3 + 1/2*v**2 + 0. Determine h(-2).
-9
Let v(b) be the second derivative of -b**5/60 - b**4/24 + 3*b**3/2 + 6*b. Let o(w) be the second derivative of v(w). Calculate o(-4).
7
Let p(v) be the first derivative of 5*v + 11 + 1/2*v**2. What is p(-7)?
-2
Let b(f) = f**3 - 10*f**2 + 12*f - 3. Let r be (-2 - 0)*(-1 + 12/(-4)). Calculate b(r).
-35
Let w(l) be the first derivative of 8*l + 46 - 3/2*l**2. What is w(8)?
-16
Suppose 525 = 121*y - 201. Let b(x) = -x**3 + 6*x**2 - 8*x + 4. Give b(y).
-44
Let x be (20 + -7 + 1)*6/21. Suppose 6*v + 5 = j + 3*v, -5*v = 5. Let g(z) = -2*z + z**3 - z**j + 2 - 3*z**2 + 0*z**2. Give g(x).
-6
Let f(a) = 3*a + 12*a - 13*a + 28 + 26. Calculate f(-25).
4
Let l be (4/18 + 14/(-63))/1. Let a(f) = f**3 + f**2 + f + 7. Determine a(l).
7
Let o(f) be the first derivative of f**4/4 + f**3/3 + 24*f - 341. Give o(0).
24
Let u(p) be the third derivative of -p**5/20 - p**4/24 - p**3/3 + 40*p**2 + p. What is u(1)?
-6
Suppose -17*i + 21*i + 4*f - 20 = 0, i + 11 = 3*f. Let q(g) = -g + 1. Determine q(i).
0
Suppose -20 = 2*n + 3*p, 0 = n - 0*p - p. Let t(j) = j**3 - j**2 + 5*j - 7. Let b(s) = s**2 + s - 1. Let g(i) = n*b(i) + t(i). Let h be -1*(0/1 - 5). Give g(h).
2
Let k(a) be the third derivative of -a**4/24 + 5*a**3/6 + 491*a**2. Give k(-12).
17
Suppose -2*p = 2*p - 12. Suppose -p*y + 84 = y. Suppose -2*o = -3*a + 3*o - 3, 3*a + y = -o. Let h(s) = -s**3 - 6*s**2 + 2*s + 5. Give h(a).
-7
Let q(l) = -l**3 + 3*l**2 - l - 2. Let o be q(3). Let u(v) = -v**2 - 3. Let i(p) = -p**2 + 2*p - 2. Let c(h) = 2*i(h) - 3*u(h). Give c(o).
10
Let w(r) = r**2 - r + 8. Suppose 3*z - 4*n - 3 = -7*n, 4*n = 3*z + 4. What is w(z)?
8
Let v(c) = -c**3 - 3*c**2 + c + 2. Suppose -f + 0*f - 18 = -y, -2*y + f + 31 = 0. Let r = y + -5. Suppose 4*h - 4*d - r = -0*h, 3*d = 2*h - 9. Give v(h).
-1
Let a(s) be the first 